
In base 15, what is 8 - -1ad?
1b6
In base 13, what is -1 - -9a?
99
In base 12, what is -61 + -18?
-79
In base 5, what is -10432 + 1?
-10431
In base 7, what is -4633 - -3?
-4630
In base 14, what is 139 - 22?
117
In base 14, what is -4a - -18?
-32
In base 15, what is -e - -4a?
3b
In base 7, what is 16 - -60?
106
In base 2, what is -110100 - -1101?
-100111
In base 6, what is -1 - -3550?
3545
In base 10, what is 3 + 132?
135
In base 2, what is -100 - 100000011?
-100000111
In base 11, what is -4 + 239?
235
In base 5, what is -3 + 4211?
4203
In base 16, what is -4 - 216?
-21a
In base 16, what is -1 + -8bf?
-8c0
In base 4, what is -12333 + 1?
-12332
In base 3, what is -1011 + 20101?
12020
In base 9, what is -1076 - -4?
-1072
In base 3, what is -2100 - 12?
-2112
In base 6, what is -232 + 103?
-125
In base 8, what is -3 - 51?
-54
In base 6, what is -1 + -45?
-50
In base 11, what is -29 - -3?
-26
In base 12, what is -b5 - 4?
-b9
In base 8, what is -42 - -2?
-40
In base 5, what is -2244 - -4?
-2240
In base 9, what is 2 - -505?
507
In base 16, what is adb - 5?
ad6
In base 12, what is 14a + -5?
145
In base 13, what is a + -7?
3
In base 14, what is -1283 - -4?
-127d
In base 5, what is 1100 + -41?
1004
In base 14, what is 58 - -2?
5a
In base 15, what is -1 + 24d?
24c
In base 7, what is 4 + 1366?
1403
In base 8, what is -110 + -102?
-212
In base 13, what is -23c - -31?
-20b
In base 7, what is -12 - -501?
456
In base 9, what is 43 - -3?
46
In base 10, what is -3 - -26?
23
In base 10, what is 14 + 31?
45
In base 2, what is 10111010 + 100?
10111110
In base 11, what is 3 + 65?
68
In base 7, what is 3155 + -11?
3144
In base 16, what is -2 + 873?
871
In base 12, what is 21 - -17?
38
In base 8, what is -2 + 3?
1
In base 2, what is 1001011 + 1010?
1010101
In base 5, what is -2 + -231?
-233
In base 15, what is -10 + -27?
-37
In base 8, what is 2 + -51?
-47
In base 7, what is -3653 - 4?
-3660
In base 9, what is -1 + 2463?
2462
In base 14, what is -1b3 - -5?
-1ac
In base 2, what is -1101100 - 1?
-1101101
In base 14, what is 19 - -103?
11c
In base 6, what is 1 - -230?
231
In base 8, what is 243 - -26?
271
In base 2, what is -11011 + -11?
-11110
In base 4, what is 1020 - 1?
1013
In base 4, what is 101 - -12210?
12311
In base 6, what is 511 - 113?
354
In base 5, what is 12 - 1?
11
In base 6, what is 3211 - -4?
3215
In base 15, what is 4c + 3?
50
In base 10, what is -5 + -22?
-27
In base 4, what is 2310 - 120?
2130
In base 4, what is 2 - -3031?
3033
In base 16, what is 1bc6 + -1?
1bc5
In base 5, what is 2 - -12244?
12301
In base 15, what is -18 - 16?
-2e
In base 12, what is -4 - 172?
-176
In base 12, what is 1ab8 + 3?
1abb
In base 10, what is 0 - -88?
88
In base 13, what is -32 - 3?
-35
In base 4, what is 10012 + -11?
10001
In base 8, what is -147 - -72?
-55
In base 12, what is 5 + -119?
-114
In base 13, what is 508 - 0?
508
In base 14, what is db5 + -2?
db3
In base 13, what is -20 + -26b?
-28b
In base 11, what is -6 - 46?
-51
In base 5, what is 4 + -32?
-23
In base 3, what is -210101 - 1?
-210102
In base 13, what is 10bb + 3?
10c1
In base 11, what is 2 - 601?
-5aa
In base 12, what is -37 + 0?
-37
In base 15, what is -27 - 371?
-398
In base 9, what is 3 - -5?
8
In base 9, what is 1 - -158?
160
In base 7, what is 1000 + -5?
662
In base 13, what is 0 - -b?
b
In base 16, what is -21 - -1?
-20
In base 5, what is 23 - -2?
30
In base 3, what is 11110 - 12?
11021
In base 13, what is -2 + -b3?
-b5
In base 8, what is -114 + 2?
-112
In base 16, what is 17b + 5?
180
In base 6, what is 100 - -504?
1004
In base 10, what is -2 + 590?
588
In base 7, what is 231 + -5?
223
In base 9, what is 54 + -123?
-58
In base 4, what is -32233 - -2?
-32231
In base 9, what is 1364 - 0?
1364
In base 4, what is 2103 + 0?
2103
In base 11, what is -664 - -4?
-660
In base 7, what is -451 + 5?
-443
In base 9, what is 10 + -26?
-16
In base 14, what is 13b - -1?
13c
In base 6, what is 15051 - -3?
15054
In base 5, what is 10 - -11443?
12003
In base 14, what is 1 - -b5?
b6
In base 15, what is -755 - 4?
-759
In base 3, what is -12 - 22011200?
-22011212
In base 13, what is c + 820?
82c
In base 8, what is -24 - 4?
-30
In base 13, what is 4a1 - 1?
4a0
In base 6, what is -115 + 1?
-114
In base 2, what is -100 - -100001111?
100001011
In base 7, what is 3 + -4?
-1
In base 11, what is -11 - 3?
-14
In base 16, what is 5 + -36f?
-36a
In base 4, what is -10312 + 11?
-10301
In base 7, what is 1423 + 2?
1425
In base 4, what is -30 - -10?
-20
In base 9, what is 5 + 88?
104
In base 3, what is -1121 + -21210?
-100101
In base 9, what is -830 - 3?
-833
In base 3, what is 11 + 211211?
211222
In base 15, what is 0 + -34?
-34
In base 10, what is 31 - 10?
21
In base 3, what is -11 + -20222?
-21010
In base 13, what is 20 - -28c?
2ac
In base 6, what is -123 - -3?
-120
In base 8, what is 0 + 116?
116
In base 16, what is -45 + -5?
-4a
In base 7, what is -21 + 3530?
3506
In base 8, what is -2 + 64?
62
In base 13, what is 272 - 5?
26a
In base 3, what is 20 - 2112?
-2022
In base 8, what is -154 + -2?
-156
In base 15, what is 1 - a5c?
-a5b
In base 7, what is 3265 - 0?
3265
In base 12, what is -30 - 8?
-38
In base 2, what is 1000 + -10110100?
-10101100
In base 3, what is 2221211 + 12?
2222000
In base 4, what is 1033 - 10?
1023
In base 13, what is 49 + -3b?
b
In base 4, what is 3 - 111?
-102
In base 11, what is -53 - -2?
-51
In base 7, what is 1 + 4?
5
In base 14, what is -4 + -3?
-7
In base 15, what is -1 - 326?
-327
In base 7, what is 1536 - -10?
1546
In base 15, what is -1b + 0?
-1b
In base 4, what is 100 - 21?
13
In base 11, what is -3 - 5a9?
-601
In base 2, what is -10101000 + -1100011?
-100001011
In base 3, what is 120 - 1020?
-200
In base 4, what is 21 - 20?
1
In base 11, what is -2 + 72a?
728
In base 10, what is -92 - 1?
-93
In base 7, what is -2 + -255?
-260
In base 14, what is 2 + -196?
-194
In base 12, what is -1a - -15?
-5
In base 2, what is 1011110 - -10?
1100000
In base 14, what is 15c37 + 3?
15c3a
In base 4, what is -11 + -100?
-111
In base 4, what is 1300 - -12?
1312
In base 14, what is -1 + -90?
-91
In base 16, what is 39 - -10?
49
In base 8, what is -1 + 103?
102
In base 6, what is -5 - -1?
-4
In base 7, what is -3 - 43?
-46
In base 16, what is -3 - 2a0?
-2a3
In base 12, what is -1b2 + -1?
-1b3
In base 16, what is -2 + 4f?
4d
In base 16, what is -1 + -94?
-95
In base 6, what is -3 - -104?
101
In base 6, what is -4 - -414?
410
In base 9, what is 6 - -18?
25
In base 3, what is -101 + -11?
-112
In base 9, what is -7 + -232?
-240
In base 6, what is 11 + 30?
41
In base 14, what is 3 + 41?
44
In base 7, what is 13 + 1131?
1144
In base 5, what is -1004 + 10?
-444
In base 11, what is 1a9 + 3?
201
In base 16, what is -13e + 0?
-13e
In base 13, what is 1a1 + 3?
1a4
In base 12, what is 8 + -5?
3
In base 5, what is -10 + -10333?
-10343
In base 7, what is 5 - 1504?
-1466
In base 2, what is -10 + 100101?
100011
In base 15, what is -3 + -55?
-58
In base 8, what is -1 - 111?
-112
In base 16, what is 1a - 18?
2
In base 10, what is 1 - 2433?
-2432
In base 8, what is 7 + -15?
-6
In base 4, what is -13021 + 33?
-12322
In base 7, what is 0 + 466?
466
In base 12, what is 0 + -64?
-64
In base 12, what is -24a - 1?
-24b
In base 8, what is -1 - 1107?
-1110
In base 14, what is 1 - 25?
-24
In base 14, what is -5 - -562?
55b
In base 12, what is -18 - -7?
-11
In base 15, what is -9e0 + -5?
-9e5
In base 3, what is -10 + -11200?
-11210
In base 2, what is -110000 + 101?
-101011
In base 5, what is 21 - 14?
2
In base 7, what is 10 - 1400?
-1360
In base 11, what is -2 + a88?
a86
In base 9, what is 5 + 105?
111
In base 11, what is 4 + -1a?
-16
In base 2, what is 100110000 + 1?
100110001
In base 15, what is -2 - -a81?
a7e
In base 11, what is -4 - -10?
7
In base 8, what is 62 + 162?
244
In base 4, what is 323220 - 10?
323210
In base 15, what is 78 - -27?
a0
In base 10, what is 24 - 4?
20
In base 16, what is -11b + 5?
-116
In base 6, what is 443 - 324?
115
In base 15, what is c + -2e?
-22
In base 11, what is 5 + -9?
-4
In base 11, what is -1 + 414?
413
In base 15, what is 39 + -4?
35
In base 15, what is -c5 - -2?
-c3
In base 11, what is -64 - -3?
-61
In base 6, what is 232 + 325?
1001
In base 13, what is 163 + -3?
160
In base 5, what is -10 - -212343?
212333
